alculate the remainder when u(-2) is divided by c.
21
Let d be ((-20)/3)/(2/(-6)). Let k = d + -11. Suppose o - 3*t = 4, 2*o - 35 + k = -3*t. Calculate the remainder when 19 is divided by o.
9
Let y(u) = u**2 + 2*u + 7. Let v be y(-5). Let g = v - 37. Let q = g + 26. What is the remainder when 31 is divided by q?
9
Suppose -2*j + j + 24 = 0. Calculate the remainder when j is divided by 13.
11
Let n(t) = -3*t**3 + 10*t**2 + 13 + 0 + t**3 + t**3 + 13*t. What is the remainder when n(11) is divided by 9?
8
Suppose o - 2*o = 0. Suppose -7*r = -3*r, l + r - 3 = o. What is the remainder when l is divided by 1?
0
Suppose 4*l = -l - 3*j + 23, -j + 5 = l. Suppose -3*y = 3*r - 21, -5 = 3*y - 4*r - 47. Calculate the remainder when (-248)/(-14) + l/14 is divided by y.
8
Suppose 0 = -i, -3*h + 4*i + 78 = -0*h. What is the remainder when 125 is divided by h?
21
Let y(x) = 3*x**3 + 2*x**2 - 2*x + 4. Let f(b) = -4*b**3 - 2*b**2 + 2*b - 5. Let p(i) = -6*f(i) - 7*y(i). Calculate the remainder when 85 is divided by p(2).
19
Let x(i) = i**3 - 8*i**2 + 10*i. Let p be x(7). What is the remainder when 19 is divided by (p/6)/(2/4)?
5
Let p(t) = t**2 - t + 11. Let y be (-4)/14 + (-16)/(-56). Suppose -4*l + 3*j = -48 - 126, -4*l = -2*j - 172. Calculate the remainder when l is divided by p(y).
9
Let z = 56 + -49. What is the remainder when 20 is divided by z?
6
Let z(d) = -5*d - 5. What is the remainder when (-1)/(-1)*(27 + 1) is divided by z(-4)?
13
What is the remainder when (-51)/(-2) - (-9)/(-18) is divided by 11?
3
Let m be 8/(-6) + 5/15. Calculate the remainder when 43 is divided by m + (-2 + 5 - -13).
13
Let b(d) = 14*d**2 + d. What is the remainder when b(1) is divided by 8?
7
Calculate the remainder when 21 is divided by -1 - 1 - 2*-7.
9
What is the remainder when (-1)/2*((-2 - 0) + -24) is divided by 5?
3
Suppose -9 = 3*n + 4*i + 8, -n = 5*i + 24. Suppose -2*l + 4 = 2*l. Let v = n + l. Calculate the remainder when 3 is divided by v.
1
Suppose 5*p = 312 - 87. What is the remainder when 175 is divided by p?
40
Suppose 5*u + 140 = 3*l, 3*l - 3*u + 19 = 163. What is the remainder when 247 is divided by l?
47
Let y = -17 + 31. Let c = y - 7. Calculate the remainder when 12 is divided by c.
5
Let z(a) = -a**3 - a**2. Let g be z(-2). Suppose 1 = 2*p - 3. Suppose 5*f + 13 = 4*v + 81, -g*f = p*v - 44. Calculate the remainder when 23 is divided by f.
11
What is the remainder when 63 is divided by (3/(-3) + 5)*(-27)/(-6)?
9
Suppose 5*j = 28 + 12. Suppose -5*v + j*v = 9. What is the remainder when 71 is divided by (-2 - -50)*v/6?
23
What is the remainder when 23 is divided by (0 - 3/9*-3) + 4?
3
Suppose -w = -y - 3, 0*y + y = 5*w - 19. Let i be (-1)/(((-8)/(-6))/(-4)). Let x(l) = l**2 - 2*l - 2. Calculate the remainder when x(i) is divided by y.
0
Let z = -5 - 9. Let a = z + 17. Calculate the remainder when 9 is divided by a.
0
Let i(o) = -o. Let w be i(-4). Let a(v) = v**3 - 3*v**2 + 2. What is the remainder when 52 is divided by a(w)?
16
Let y(p) be the first derivative of -p**4/4 + 2*p**3 + 7*p + 1. Let u = -756 - -776. What is the remainder when u is divided by y(6)?
6
Suppose 3*z = -15, 0 = -d + 5*z + 86 - 22. Let y(a) = -3*a**3 - 6*a**2 - 7. What is the remainder when d is divided by y(-3)?
19
Suppose -3*d - 4 + 7 = 0. What is the remainder when 1 is divided by d?
0
Suppose 3*j - 12 = 2*j. What is the remainder when 44 is divided by j?
8
Let f = 82 - 43. Calculate the remainder when f is divided by 14.
11
Suppose 2*q = -3*q. Let a = 152 + -108. Suppose 4*s - a = -q*s. What is the remainder when s is divided by 6?
5
Let g = 101 - 55. Let o(a) = -a**3 - 7*a**2 - 4*a - 4. Calculate the remainder when g is divided by o(-7).
22
Suppose -2*i + 96 = 4*r - 32, 182 = 3*i + 4*r. Suppose -5*j + i = j. What is the remainder when 26 is divided by j?
8
Suppose -2*z = -5*z + 54. Let g(y) = -y**2 + 6*y + 5. Calculate the remainder when z is divided by g(5).
8
Suppose 4*a = a - 12. Let k(b) = -7*b + 3. Let c be k(a). Suppose -3*l + c = -56. What is the remainder when l is divided by 10?
9
Let w(x) = x + 7. Let h be w(-5). Let d be 2 + 0/h*-1. Suppose -5*b - 6*c + 175 = -d*c, -3*b = c - 105. What is the remainder when b is divided by 18?
17
Calculate the remainder when 67 is divided by (-3 + (-34)/(-12))*-14*3.
4
Let z be (-4)/8 + 45/6. Let r = 11 - z. What is the remainder when 13 is divided by r?
1
Suppose 3*o = -2*o - 145. Let w = 105 + o. Suppose -4*n - w = -8*n. What is the remainder when n is divided by 7?
5
Suppose o + 4*o + 50 = 3*d, -48 = -3*d + 3*o. What is the remainder when 0 + (3/2)/((-6)/(-232)) is divided by d?
13
Suppose 22 + 20 = 7*v. Calculate the remainder when (-2 - -12)*(0 - -1) is divided by v.
4
Calculate the remainder when 141 is divided by (-1)/(-3)*110 - 12/18.
33
Let y = -16 + 21. Calculate the remainder when y is divided by 4.
1
Let o = -1 + -6. Let w = 18 + o. Let n = -11 + 42. Calculate the remainder when n is divided by w.
9
Let j = 9 + -4. Let w = -6 + 8. What is the remainder when j is divided by w?
1
What is the remainder when ((-2)/12)/((-3)/(-9))*-124 is divided by 32?
30
Let s = 8 + -12. Let b(a) = -2*a - 2. Calculate the remainder when 10 is divided by b(s).
4
Let l = -4 - -10. What is the remainder when (-207)/l*(-8)/6 is divided by 16?
14
Suppose 5*d - 75 = -0*d. Let y = 30 - 21. What is the remainder when d is divided by y?
6
Let w be (-11)/22*(0 + -6). Calculate the remainder when (-2)/(w + (-33)/9) is divided by 1.
0
Let r(g) = g**3 + g**2 + g + 99. Calculate the remainder when r(0) is divided by 25.
24
Calculate the remainder when 22*(-5)/(-20)*6 is divided by 19.
14
Let x(z) = 3*z - 1. What is the remainder when 15 is divided by x(3)?
7
What is the remainder when 14 is divided by ((-22)/(-4))/(15/(-10) - -2)?
3
Let q(a) = a - 1. Let v be ((-6)/(-4))/(3/4). Calculate the remainder when 2 is divided by q(v).
0
What is the remainder when 7 is divided by (4/5)/(6/15)?
1
Let o be (18/(-12))/(9/96). Let p = 28 + o. What is the remainder when 33 is divided by p?
9
Let y(m) = 26*m - 2. Let x(f) = f - 1. Let l(n) = -3*x(n) + y(n). What is the remainder when 71 is divided by l(1)?
23
Suppose -24 = 6*h - 150. What is the remainder when 61 is divided by h?
19
Suppose -6*n + n + 50 = 5*l, -n + 16 = 2*l. Let a = 169 + -95. Suppose j = -v + 16, l*j - v - a = j. Calculate the remainder when 43 is divided by j.
13
Let m(s) = -s**2 + 5*s + 4. Let j = 7 + -2. Calculate the remainder when m(j) is divided by ((-8)/(-20))/(2/10).
0
Let v = 7 + -1. Calculate the remainder when 9 is divided by v.
3
Let m(f) = 11*f**2 - 2*f - 1. Let z be m(-2). Let d = z - 34. Calculate the remainder when 24 is divided by d.
11
Let x be (-6)/(-4)*20/6. Suppose -5*c + 86 = -5*k + 26, x*k = -c + 42. Let z = 14 - 8. Calculate the remainder when c is divided by z.
5
Let m be (-3)/(-5) + (-407)/(-5). Let s be 121 + -3 + 2/2. Let l = s - m. What is the remainder when l is divided by 13?
11
Calculate the remainder when -48*(-1)/(4/4) is divided by 13.
9
Let i = 15 + 18. Calculate the remainder when 64 is divided by i.
31
Let b be 10/35 + (-360)/(-14). Let l = -9 + b. Suppose m = 4 + 5. Calculate the remainder when l is divided by m.
8
Suppose 3*w - 3 = -0*w. Let f(q) = q**3 - 7*q**2 + q - 7. Let z be f(7). Suppose z = -d - 3*d + 8. What is the remainder when d is divided by w?
0
Let l = 38 - -8. What is the remainder when l is divided by (3 + 0)*16/3?
14
Suppose 4*y - 5*l - 9 = 0, 0 = 2*y - 0*l - 3*l - 3. What is the remainder when 21 is divided by y?
3
Suppose 0 = 4*t + 2*g + g - 51, 2*g + 8 = 2*t. Let s(i) be the second derivative of 7*i**3/6 - i**2/2 + i. What is the remainder when s(5) is divided by t?
7
Let m = 13 - -1. Calculate the remainder when 54 is divided by m.
12
Let n = 105 - 79. Calculate the remainder when n is divided by 7.
5
Suppose -48 = -2*h - 2*h. Calculate the remainder when 35 is divided by h.
11
Let c(h) = -h + 3. Suppose 0*i - 100 = -5*i. What is the remainder when i is divided by c(-8)?
9
What is the remainder when 41 - (0 - -1)/(-1) is divided by 15?
12
Let w be (4/8)/((-2)/(-184)). Let m = w - 16. Calculate the remainder when m is divided by 16.
14
Let d = -14 + 16. Suppose 4*v - 2*c + 2 = -2, -v - c = -2. Let f = d - v. Calculate the remainder when f is d